{"id":1770,"date":"2025-07-29T18:07:22","date_gmt":"2025-07-29T18:07:22","guid":{"rendered":"https:\/\/farbtube.ch\/?post_type=product&#038;p=1770"},"modified":"2025-08-28T19:35:51","modified_gmt":"2025-08-28T19:35:51","slug":"get-a-random-shirt","status":"publish","type":"product","link":"https:\/\/farbtube.ch\/?product=get-a-random-shirt","title":{"rendered":"Get a random shirt"},"content":{"rendered":"<p>Bestelle ein T-Shirt in deiner Gr\u00f6sse und lass dich \u00fcberraschen was du erh\u00e4ltst. <\/p>\n","protected":false},"excerpt":{"rendered":"<p>Bestelle ein T-Shirt in deiner Gr\u00f6sse und lass dich \u00fcberraschen was du erh\u00e4ltst.<\/p>\n","protected":false},"featured_media":1776,"comment_status":"open","ping_status":"closed","template":"","meta":[],"product_brand":[],"product_cat":[31],"product_tag":[],"class_list":{"0":"post-1770","1":"product","2":"type-product","3":"status-publish","4":"has-post-thumbnail","6":"product_cat-t-shirts","8":"first","9":"instock","10":"sale","11":"shipping-taxable","12":"purchasable","13":"product-type-variable"},"_links":{"self":[{"href":"https:\/\/farbtube.ch\/index.php?rest_route=\/wp\/v2\/product\/1770","targetHints":{"allow":["GET"]}}],"collection":[{"href":"https:\/\/farbtube.ch\/index.php?rest_route=\/wp\/v2\/product"}],"about":[{"href":"https:\/\/farbtube.ch\/index.php?rest_route=\/wp\/v2\/types\/product"}],"replies":[{"embeddable":true,"href":"https:\/\/farbtube.ch\/index.php?rest_route=%2Fwp%2Fv2%2Fcomments&post=1770"}],"wp:featuredmedia":[{"embeddable":true,"href":"https:\/\/farbtube.ch\/index.php?rest_route=\/wp\/v2\/media\/1776"}],"wp:attachment":[{"href":"https:\/\/farbtube.ch\/index.php?rest_route=%2Fwp%2Fv2%2Fmedia&parent=1770"}],"wp:term":[{"taxonomy":"product_brand","embeddable":true,"href":"https:\/\/farbtube.ch\/index.php?rest_route=%2Fwp%2Fv2%2Fproduct_brand&post=1770"},{"taxonomy":"product_cat","embeddable":true,"href":"https:\/\/farbtube.ch\/index.php?rest_route=%2Fwp%2Fv2%2Fproduct_cat&post=1770"},{"taxonomy":"product_tag","embeddable":true,"href":"https:\/\/farbtube.ch\/index.php?rest_route=%2Fwp%2Fv2%2Fproduct_tag&post=1770"}],"curies":[{"name":"wp","href":"https:\/\/api.w.org\/{rel}","templated":true}]}}